{"id":33,"date":"2022-09-27T07:48:02","date_gmt":"2022-09-27T07:48:02","guid":{"rendered":"https:\/\/icstyring.dk\/?page_id=33"},"modified":"2023-03-04T15:55:58","modified_gmt":"2023-03-04T15:55:58","slug":"udbudsmateriale","status":"publish","type":"page","link":"https:\/\/icstyring.dk\/?page_id=33","title":{"rendered":"Udbudsmateriale"},"content":{"rendered":"\n<p>IC Styring Aps enten udf\u00f8rer eller assisterer p\u00e5 udf\u00f8relsen af udbudsmaterialer til b\u00e5de store og sm\u00e5 IBI og CTS entrepriser.<\/p>\n\n\n\n<p><\/p>\n\n\n\n<h2 class=\"wp-block-heading\" style=\"font-size:24px\">Forventningsafstemning<\/h2>\n\n\n\n<p>Inden et IBI eller CTS projekt skal i udbud er det vigtigt i samarbejde med kunden, at afstemme hvilke forventninger, der skal stilles til det slutprodukt, der gerne skal komme ud i den anden ende.<\/p>\n\n\n\n<p>Der er selvf\u00f8lgelig de lovpligtige energikrav, byggeriet skal leve op til, men hvilke forventninger er der ellers til f.eks. energioverv\u00e5gning, driftsoptimeringer, brugervenlighed mv.. Disse overvejelser b\u00f8r klarl\u00e6gges, inden de enkelte entrepren\u00f8rer byder p\u00e5 opgaven.<\/p>\n\n\n\n<p><\/p>\n\n\n\n<h2 class=\"wp-block-heading\" style=\"font-size:24px\">kvalitetssikring<\/h2>\n\n\n\n<p>Inden et udbudsmateriale er klar til at blive frigivet, vil det give rigtig god mening at lave kvalitetskontrol af udf\u00f8rt arbejde. Specielt ved CTS entrepriser, hvor gr\u00e6nsefladen her overlapper El-, VVS og Ventilationsentrepriserne. Her er det vigtigt, at der ikke er overensstemmelser i udbudsmaterialerne, s\u00e5 der derved kan drages tvivl om gr\u00e6nsefladesnit. Det er uanset om der er tale om totalentrepriser eller fagentrepriser, da bygherren som udgangspunkt, desv\u00e6rre nok skal forvente at modtage laveste f\u00e6llesn\u00e6vner, hvis der er uoverensstemmelser i de enkelte udbudsmaterialer.<\/p>\n\n\n\n<p><\/p>\n","protected":false},"excerpt":{"rendered":"<p>IC Styring Aps enten udf\u00f8rer eller assisterer p\u00e5 udf\u00f8relsen af udbudsmaterialer til b\u00e5de store og sm\u00e5 IBI og CTS entrepriser. Forventningsafstemning Inden et IBI eller [&hellip;]<\/p>\n","protected":false},"author":1,"featured_media":0,"parent":0,"menu_order":0,"comment_status":"closed","ping_status":"closed","template":"","meta":{"footnotes":""},"class_list":["post-33","page","type-page","status-publish","hentry"],"_links":{"self":[{"href":"https:\/\/icstyring.dk\/index.php?rest_route=\/wp\/v2\/pages\/33","targetHints":{"allow":["GET"]}}],"collection":[{"href":"https:\/\/icstyring.dk\/index.php?rest_route=\/wp\/v2\/pages"}],"about":[{"href":"https:\/\/icstyring.dk\/index.php?rest_route=\/wp\/v2\/types\/page"}],"author":[{"embeddable":true,"href":"https:\/\/icstyring.dk\/index.php?rest_route=\/wp\/v2\/users\/1"}],"replies":[{"embeddable":true,"href":"https:\/\/icstyring.dk\/index.php?rest_route=%2Fwp%2Fv2%2Fcomments&post=33"}],"version-history":[{"count":10,"href":"https:\/\/icstyring.dk\/index.php?rest_route=\/wp\/v2\/pages\/33\/revisions"}],"predecessor-version":[{"id":327,"href":"https:\/\/icstyring.dk\/index.php?rest_route=\/wp\/v2\/pages\/33\/revisions\/327"}],"wp:attachment":[{"href":"https:\/\/icstyring.dk\/index.php?rest_route=%2Fwp%2Fv2%2Fmedia&parent=33"}],"curies":[{"name":"wp","href":"https:\/\/api.w.org\/{rel}","templated":true}]}}